mmon factor of 82642438 and 71.
71
What is the greatest common divisor of 27975524 and 190?
38
Calculate the greatest common factor of 5191803 and 56943.
999
Calculate the greatest common factor of 240 and 8227120.
80
Calculate the highest common factor of 11090 and 533420.
10
What is the highest common factor of 2032070 and 10?
10
Calculate the greatest common divisor of 270 and 6046035.
15
What is the highest common divisor of 24 and 14163416?
8
What is the highest common divisor of 161 and 204063751?
23
What is the highest common factor of 19561544 and 1160?
232
What is the greatest common factor of 1863 and 10532268?
81
Calculate the highest common factor of 572 and 2556248266.
286
Calculate the highest common factor of 858 and 17532878.
22
Calculate the highest common divisor of 71039404 and 304.
76
Calculate the highest common factor of 315092 and 71336.
148
What is the greatest common factor of 616 and 28912972?
44
Calculate the greatest common divisor of 531 and 1868766.
177
What is the greatest common factor of 1430900 and 156?
4
What is the highest common factor of 34353 and 4807?
11
Calculate the highest common divisor of 30914175 and 2025.
75
Calculate the greatest common factor of 818541408 and 1626.
1626
Calculate the highest common divisor of 3146 and 16822.
26
What is the highest common divisor of 302264928 and 256?
32
What is the highest common factor of 3195870 and 4788600?
10410
What is the highest common divisor of 271218 and 367914?
102
What is the highest common divisor of 386 and 120656266?
386
What is the highest common divisor of 30281 and 2247?
107
What is the highest common factor of 335768 and 37734?
38
What is the greatest common divisor of 54540290 and 93055?
2515
What is the greatest common factor of 362846443 and 25501?
3643
What is the greatest common divisor of 1654431555 and 5?
5
Calculate the highest common factor of 1779 and 42287423.
593
What is the greatest common factor of 15 and 386469180?
15
Calculate the highest common factor of 428461496 and 104.
8
What is the highest common divisor of 146274142 and 574?
574
Calculate the greatest common factor of 44751520 and 176.
176
What is the greatest common factor of 6414882 and 2?
2
What is the greatest common divisor of 52771 and 194739?
467
Calculate the highest common factor of 30511 and 58846331.
2347
Calculate the greatest common factor of 31828313 and 550.
11
Calculate the highest common divisor of 9638 and 62331.
79
Calculate the greatest common divisor of 322436440 and 16160.
4040
Calculate the highest common factor of 8688 and 70242.
6
Calculate the greatest common divisor of 10564799 and 602.
301
Calculate the highest common divisor of 1979504 and 104.
8
What is the highest common divisor of 660 and 69671580?
660
What is the greatest common divisor of 1240 and 47696?
8
Calculate the highest common divisor of 1545 and 960570.
15
Calculate the greatest common factor of 48338771 and 2327.
2327
What is the highest common factor of 80 and 181122720?
80
Calculate the greatest common factor of 756675 and 2859671.
1121
Calculate the highest common divisor of 130 and 67442440.
130
What is the highest common divisor of 246 and 7141093?
41
What is the highest common factor of 2188 and 25180598?
1094
Calculate the highest common factor of 9223696 and 1022.
146
What is the highest common divisor of 97616 and 94864?
16
Calculate the greatest common divisor of 30606942 and 102.
6
Calculate the greatest common divisor of 2280 and 22680300.
1140
What is the greatest common factor of 22936138 and 1148?
82
What is the greatest common divisor of 3425892 and 4402?
142
What is the highest common factor of 2357685 and 156915?
495
Calculate the greatest common divisor of 29499311 and 20281.
1193
What is the greatest common divisor of 3357 and 42899476?
373
Calculate the greatest common divisor of 707580 and 108.
36
What is the greatest common factor of 894 and 183150651?
447
Calculate the highest common divisor of 73952 and 31533595.
2311
What is the highest common factor of 39859838 and 454?
454
Calculate the highest common divisor of 644 and 58393964.
92
Calculate the greatest common divisor of 651 and 170702833.
217
What is the highest common factor of 19753269 and 1413?
471
What is the greatest common factor of 1079811 and 2835?
81
Calculate the greatest common factor of 512 and 24402176.
256
Calculate the greatest common factor of 3387285 and 3861.
297
Calculate the greatest common divisor of 7401842 and 707080.
3214
What is the highest common divisor of 5442474 and 342?
114
Calculate the highest common factor of 310 and 3929760.
10
Calculate the greatest common factor of 22630 and 664640.
310
What is the highest common divisor of 5575 and 520905700?
5575
Calculate the greatest common factor of 20244 and 18624.
12
What is the highest common divisor of 38135520 and 1440?
1440
What is the greatest common factor of 14554712 and 16?
8
What is the highest common factor of 187902 and 2221098?
4818
Calculate the greatest common factor of 4929975 and 2325.
75
What is the greatest common factor of 2547 and 432100248?
849
Calculate the highest common divisor of 10370 and 625600.
170
Calculate the greatest common factor of 148 and 34189258.
74
Calculate the greatest common divisor of 171 and 4352274.
9
Calculate the highest common divisor of 48435 and 9105.
15
Calculate the highest common factor of 29775 and 251160.
15
What is the highest common divisor of 65473473 and 9802?
169
Calculate the greatest common divisor of 19 and 2802747.
19
Calculate the highest common divisor of 1152261 and 90640.
1133
Calculate the highest common factor of 24036274 and 6017.
547
Calculate the greatest common divisor of 987876 and 828.
36
What is the greatest common divisor of 59891 and 2804308?
3523
What is the highest common factor of 59544795 and 7395?
255
What is the greatest common divisor of 28443 and 255488?
499
Calculate the greatest common divisor of 441 and 1568.
49
What is the greatest common factor of 19502 and 59290?
98
What is the highest common factor of 100913 and 55?
1
What is the greatest common factor of 76167253 and 87?
29
Calculate the highest common factor of 336 and 1909208.
56
What is the greatest common divisor of 173776 and 2424?
8
Calculate the greatest common factor of 369114121 and 19.
19
What is the highest common factor of 134512 and 36?
4
Calculate the highest common divisor of 279488 and 145728.
704
Calculate the greatest common divisor of 8273000 and 3000.
1000
Calculate the highest common divisor of 136590 and 20010.
870
Calculate the highest common divisor of 494 and 121396301.
247
Calculate the greatest common divisor of 2241 and 1021470210.
2241
What is the highest common factor of 66 and 13407790?
22
What is the highest common divisor of 134729799 and 107?
107
What is the highest common divisor of 4560 and 130188?
228
Calculate the highest common factor of 201686 and 88474.
62
What is the greatest common factor of 1635 and 4750656?
327
What is the highest common divisor of 2294 and 47648674?
2294
What is the highest common factor of 2747624 and 7040?
88
What is the highest common divisor of 7887290 and 8066?
74
What is the highest common factor of 226646530 and 3152?
394
Calculate the greatest common divisor of 6583443 and 1159.
19
Calculate the highest common divisor of 66 and 29913279.
33
What is the highest common divisor of 61527307 and 6531?
311
What is the highest common factor of 238 and 137478218?
34
What is the greatest common factor of 200700 and 134775?
225
Calculate the greatest common divisor of 17217455 and 2300.
115
What is the highest common divisor of 668900464 and 9352?
1336
What is the greatest common factor of 3949710 and 452922?
822
Calculate the greatest common factor of 27825 and 26325.
75
What is the highest common factor of 563842234 and 178?
178
What is the greatest common divisor of 4763253 and 242?
11
What is the greatest common divisor of 2465 and 6767785?
85
What is the highest common divisor of 442863 and 58977?
9
Calculate the greatest common divisor of 11340 and 22314852.
2268
Calculate the highest common factor of 346848853 and 13.
13
What is the highest common factor of 1084462 and 134?
134
What is the greatest common fa